{"id":198,"date":"2024-03-05T13:37:06","date_gmt":"2024-03-05T17:37:06","guid":{"rendered":"https:\/\/decadmdev.uprrp.edu\/pae\/?page_id=198"},"modified":"2025-06-04T14:18:16","modified_gmt":"2025-06-04T18:18:16","slug":"contactanos","status":"publish","type":"page","link":"https:\/\/decadm.uprrp.edu\/pae\/contactanos\/","title":{"rendered":"Cont\u00e1ctanos"},"content":{"rendered":"\t\t<div data-elementor-type=\"wp-page\" data-elementor-id=\"198\" class=\"elementor elementor-198\">\n\t\t\t\t\t\t<section class=\"elementor-section elementor-top-section elementor-element elementor-element-d1fc077 elementor-section-stretched elementor-section-boxed elementor-section-height-default elementor-section-height-default\" data-id=\"d1fc077\" data-element_type=\"section\" data-e-type=\"section\" data-settings=\"{&quot;background_background&quot;:&quot;classic&quot;,&quot;stretch_section&quot;:&quot;section-stretched&quot;}\">\n\t\t\t\t\t\t<div class=\"elementor-container elementor-column-gap-default\">\n\t\t\t\t\t<div class=\"elementor-column elementor-col-100 elementor-top-column elementor-element elementor-element-a80cb84\" data-id=\"a80cb84\" data-element_type=\"column\" data-e-type=\"column\">\n\t\t\t<div class=\"elementor-widget-wrap elementor-element-populated\">\n\t\t\t\t\t\t<div class=\"elementor-element elementor-element-a3e431b elementor-widget__width-initial elementor-invisible elementor-widget elementor-widget-heading\" data-id=\"a3e431b\" data-element_type=\"widget\" data-e-type=\"widget\" data-settings=\"{&quot;_animation&quot;:&quot;zoomIn&quot;}\" data-widget_type=\"heading.default\">\n\t\t\t\t<div class=\"elementor-widget-container\">\n\t\t\t\t\t<h1 class=\"elementor-heading-title elementor-size-default\">CONT\u00c1CTANOS\n<\/h1>\t\t\t\t<\/div>\n\t\t\t\t<\/div>\n\t\t\t\t\t<\/div>\n\t\t<\/div>\n\t\t\t\t\t<\/div>\n\t\t<\/section>\n\t\t<div class=\"elementor-element elementor-element-0fbf4b9 e-flex e-con-boxed e-con e-parent\" data-id=\"0fbf4b9\" data-element_type=\"container\" data-e-type=\"container\">\n\t\t\t\t\t<div class=\"e-con-inner\">\n\t\t\t\t<div class=\"elementor-element elementor-element-4edf013 elementor-widget elementor-widget-heading\" data-id=\"4edf013\" data-element_type=\"widget\" data-e-type=\"widget\" data-widget_type=\"heading.default\">\n\t\t\t\t<div class=\"elementor-widget-container\">\n\t\t\t\t\t<h2 class=\"elementor-heading-title elementor-size-default\">Personal<\/h2>\t\t\t\t<\/div>\n\t\t\t\t<\/div>\n\t\t\t\t\t<\/div>\n\t\t\t\t<\/div>\n\t\t<div class=\"elementor-element elementor-element-41207b8 e-flex e-con-boxed e-con e-parent\" data-id=\"41207b8\" data-element_type=\"container\" data-e-type=\"container\">\n\t\t\t\t\t<div class=\"e-con-inner\">\n\t\t<div class=\"elementor-element elementor-element-337fffb e-con-full e-flex e-con e-child\" data-id=\"337fffb\" data-element_type=\"container\" data-e-type=\"container\">\n\t\t\t\t<div class=\"elementor-element elementor-element-603f9e21 elementor-widget elementor-widget-text-editor\" data-id=\"603f9e21\" data-element_type=\"widget\" data-e-type=\"widget\" data-widget_type=\"text-editor.default\">\n\t\t\t\t<div class=\"elementor-widget-container\">\n\t\t\t\t\t\t\t\t\t<p><strong>Dra. Olga I. Bernardy Aponte<br \/><\/strong>Coordinadora del Programa de Apoyo al Empleado (PAE)<br \/><a href=\"mailto:olga.bernardyaponte@upr.edu\">olga.bernardyaponte@upr.edu<\/a><br \/>Ext. 84418<\/p>\n<p><span style=\"color: var( --e-global-color-text ); letter-spacing: 0.01em; text-align: var(--text-align); font-style: inherit; font-weight: inherit;\"><strong>Vacante<\/strong><br \/><\/span><span style=\"color: var( --e-global-color-text ); font-style: inherit; font-weight: inherit; letter-spacing: 0.01em; text-align: var(--text-align);\">T\u00e9cnico de Servicios Sociales II<br \/><\/span>Ext. 84417<\/p>\n<p><strong>Anarelys Burgos Mart\u00ednez, MTS<br \/><\/strong>T\u00e9cnico de Servicios Sociales II <br \/><a href=\"mailto:anarelys.burgos@upr.edu\">anarelys.burgos@upr.edu<\/a><br \/>Ext. 84407<\/p>\n<p><strong>Margarita D\u00edaz Mart\u00ednez, MTS<\/strong><br \/>Asistente Administrativo IV<br \/><a href=\"mailto:margarita.diaz5@upr.edu\">margarita.diaz5@upr.edu<\/a><br \/>Ext. 84406<\/p>\n<p><strong>Tel\u00e9fono<br \/><\/strong>787-764-0000<br \/>Exts. 84406, 84407, 84417 y 84418<\/p>\n<p><strong>Horario<br \/><\/strong>lunes a viernes<br \/>8:00 a.m.-12:00 m<br \/>1:00 p.m.- 4:30 p.m.<\/p>\n<p><!-- \/wp:paragraph --><\/p>\t\t\t\t\t\t\t\t<\/div>\n\t\t\t\t<\/div>\n\t\t\t\t<\/div>\n\t\t<div class=\"elementor-element elementor-element-e6697f2 e-con-full e-flex e-con e-child\" data-id=\"e6697f2\" data-element_type=\"container\" data-e-type=\"container\">\n\t\t\t\t<div class=\"elementor-element elementor-element-5e3814b elementor-widget elementor-widget-text-editor\" data-id=\"5e3814b\" data-element_type=\"widget\" data-e-type=\"widget\" data-widget_type=\"text-editor.default\">\n\t\t\t\t<div class=\"elementor-widget-container\">\n\t\t\t\t\t\t\t\t\t<p><b>Localizaci\u00f3n<br \/><\/b><span style=\"font-style: inherit; font-weight: inherit; color: var( --e-global-color-text ); text-align: var(--text-align); letter-spacing: 0.01em;\">El PAE est\u00e1 localizado en \u00a0Plaza Universitaria, Torre Sur &#8211; Piso 4<\/span><\/p>\t\t\t\t\t\t\t\t<\/div>\n\t\t\t\t<\/div>\n\t\t\t\t<div class=\"elementor-element elementor-element-bc25230 elementor-widget elementor-widget-google_maps\" data-id=\"bc25230\" data-element_type=\"widget\" data-e-type=\"widget\" data-widget_type=\"google_maps.default\">\n\t\t\t\t<div class=\"elementor-widget-container\">\n\t\t\t\t\t\t\t<div class=\"elementor-custom-embed\">\n\t\t\t<iframe loading=\"lazy\"\n\t\t\t\t\tsrc=\"https:\/\/maps.google.com\/maps?q=Plaza%20Universitaria%2C%20Torre%20Sur%2C%203er%20Piso&#038;t=m&#038;z=17&#038;output=embed&#038;iwloc=near\"\n\t\t\t\t\ttitle=\"Plaza Universitaria, Torre Sur, 3er Piso\"\n\t\t\t\t\taria-label=\"Plaza Universitaria, Torre Sur, 3er Piso\"\n\t\t\t><\/iframe>\n\t\t<\/div>\n\t\t\t\t\t\t<\/div>\n\t\t\t\t<\/div>\n\t\t\t\t<\/div>\n\t\t\t\t\t<\/div>\n\t\t\t\t<\/div>\n\t\t<div class=\"elementor-element elementor-element-e24b90d e-flex e-con-boxed e-con e-parent\" data-id=\"e24b90d\" data-element_type=\"container\" data-e-type=\"container\">\n\t\t\t\t\t<div class=\"e-con-inner\">\n\t\t\t\t\t<\/div>\n\t\t\t\t<\/div>\n\t\t\t\t<\/div>\n\t\t","protected":false},"excerpt":{"rendered":"<p>CONT\u00c1CTANOS Personal Dra. Olga I. Bernardy AponteCoordinadora del Programa de Apoyo al Empleado (PAE)olga.bernardyaponte@upr.eduExt. 84418 VacanteT\u00e9cnico de Servicios Sociales IIExt. 84417 Anarelys Burgos Mart\u00ednez, MTST\u00e9cnico de Servicios Sociales II anarelys.burgos@upr.eduExt. [&hellip;]<\/p>\n","protected":false},"author":3,"featured_media":0,"parent":0,"menu_order":0,"comment_status":"closed","ping_status":"open","template":"elementor_header_footer","meta":{"_themeisle_gutenberg_block_has_review":false,"footnotes":""},"class_list":["post-198","page","type-page","status-publish","hentry"],"rttpg_featured_image_url":null,"rttpg_author":{"display_name":false,"author_link":"https:\/\/decadm.uprrp.edu\/pae\/author\/juan\/"},"rttpg_comment":0,"rttpg_category":null,"rttpg_excerpt":"CONT\u00c1CTANOS Personal Dra. Olga I. Bernardy AponteCoordinadora del Programa de Apoyo al Empleado (PAE)olga.bernardyaponte@upr.eduExt. 84418 VacanteT\u00e9cnico de Servicios Sociales IIExt. 84417 Anarelys Burgos Mart\u00ednez, MTST\u00e9cnico de Servicios Sociales II anarelys.burgos@upr.eduExt. [&hellip;]","_links":{"self":[{"href":"https:\/\/decadm.uprrp.edu\/pae\/wp-json\/wp\/v2\/pages\/198","targetHints":{"allow":["GET"]}}],"collection":[{"href":"https:\/\/decadm.uprrp.edu\/pae\/wp-json\/wp\/v2\/pages"}],"about":[{"href":"https:\/\/decadm.uprrp.edu\/pae\/wp-json\/wp\/v2\/types\/page"}],"author":[{"embeddable":true,"href":"https:\/\/decadm.uprrp.edu\/pae\/wp-json\/wp\/v2\/users\/3"}],"replies":[{"embeddable":true,"href":"https:\/\/decadm.uprrp.edu\/pae\/wp-json\/wp\/v2\/comments?post=198"}],"version-history":[{"count":31,"href":"https:\/\/decadm.uprrp.edu\/pae\/wp-json\/wp\/v2\/pages\/198\/revisions"}],"predecessor-version":[{"id":376,"href":"https:\/\/decadm.uprrp.edu\/pae\/wp-json\/wp\/v2\/pages\/198\/revisions\/376"}],"wp:attachment":[{"href":"https:\/\/decadm.uprrp.edu\/pae\/wp-json\/wp\/v2\/media?parent=198"}],"curies":[{"name":"wp","href":"https:\/\/api.w.org\/{rel}","templated":true}]}}