{"id":565,"date":"2024-05-24T09:03:15","date_gmt":"2024-05-24T13:03:15","guid":{"rendered":"https:\/\/decadmdev.uprrp.edu\/finanzas\/?page_id=565"},"modified":"2024-08-07T11:31:45","modified_gmt":"2024-08-07T15:31:45","slug":"oficina-fiscal","status":"publish","type":"page","link":"https:\/\/decadm.uprrp.edu\/finanzas\/oficina-fiscal\/","title":{"rendered":"Oficina Fiscal"},"content":{"rendered":"\t\t<div data-elementor-type=\"wp-page\" data-elementor-id=\"565\" class=\"elementor elementor-565\">\n\t\t\t\t<div class=\"elementor-element elementor-element-7190a2e e-flex e-con-boxed e-con e-parent\" data-id=\"7190a2e\" data-element_type=\"container\" data-e-type=\"container\">\n\t\t\t\t\t<div class=\"e-con-inner\">\n\t\t\t\t<div class=\"elementor-element elementor-element-97ae0fb elementor-widget elementor-widget-text-editor\" data-id=\"97ae0fb\" data-element_type=\"widget\" data-e-type=\"widget\" data-widget_type=\"text-editor.default\">\n\t\t\t\t<div class=\"elementor-widget-container\">\n\t\t\t\t\t\t\t\t\t<p>La Oficina Fiscal de Asistencia Econ\u00f3mica (OFAE), actualmente adscrita al Departamento de Finanzas, fue transferida del Decanato de Estudiantes en el 1977 por requisito del Gobierno Federal, con el fin de mejorar los controles internos en la administraci\u00f3n de los programas de asistencia econ\u00f3mica para los estudiantes.<\/p><p>Varios programas federales son autorizados bajo el T\u00edtulo II y IV de la Ley de Educaci\u00f3n Superior de 1965 (Higher Education Act), seg\u00fan enmendada y las secciones 2.4, 2.11, 4.4 y 5.4 del Blue Book. Estos son: el Programa de Beca Pell, Ayudas Suplementarias (SEOG), Estudio y Trabajo (FCWS) y Pr\u00e9stamos.<\/p><p>La Oficina Fiscal de Asistencia Econ\u00f3mica es responsable de tramitar todos los pagos de asistencia econ\u00f3mica a los estudiantes elegibles del Recinto de R\u00edo Piedras. Para estos prop\u00f3sitos, ejerce el control de los procesos financieros de los diferentes programas a partir de la concesi\u00f3n de beca, pr\u00e9stamos y otras ayudas econ\u00f3micas otorgadas por la Oficina de Asistencia Econ\u00f3mica Decanato de Estudiantes.<\/p><p>Adem\u00e1s, revisa y procesa las nominas de los Estudiantes del Programa a Jornal y Programa de Estudia y Trabajo (PET), y rinde los informes financieros semanales, mensuales, semestrales y anuales.<\/p><p><strong>Misi\u00f3n<\/strong><\/p><p>La Oficina Fiscal de Asistencia Econ\u00f3mica del Recinto de R\u00edo Piedras, tiene como misi\u00f3n fundamental proveer al estudiante becario las facilidades para recibir el pago de las ayudas econ\u00f3micas concedidas para sufragar sus gastos educativos. Adem\u00e1s, lograr la mayor calidad en los servicios, permitiendo conciliar los procesos administrativos con la flexibilidad requerida por la naturaleza acad\u00e9mica e investigativa, con los recursos humanos que demuestren el m\u00e1s alto nivel de capacidad en el desempe\u00f1o de sus funciones.<\/p><p><strong>Visi\u00f3n<\/strong><\/p><p>Proveer una estructura facilitadora que la convierta en agente transformador del ambiente para reafirmar el aprendizaje, la ense\u00f1anza, la investigaci\u00f3n y el servicio p\u00fablico. Propicia la comunicaci\u00f3n con el estudiante, inform\u00e1ndole en cuanto a las fechas de los pagos de asistencia econ\u00f3mica. Desarrolla campa\u00f1as para orientar a los estudiantes para recibir sus ayudas financieras a trav\u00e9s del dep\u00f3sito directo, de pagos de beca, jornal, estudio y trabajo.<\/p>\t\t\t\t\t\t\t\t<\/div>\n\t\t\t\t<\/div>\n\t\t\t\t\t<\/div>\n\t\t\t\t<\/div>\n\t\t\t\t<\/div>\n\t\t","protected":false},"excerpt":{"rendered":"<p>La Oficina Fiscal de Asistencia Econ\u00f3mica (OFAE), actualmente adscrita al Departamento de Finanzas, fue transferida del Decanato de Estudiantes en el 1977 por requisito del Gobierno Federal, con el fin [&hellip;]<\/p>\n","protected":false},"author":3,"featured_media":0,"parent":0,"menu_order":0,"comment_status":"closed","ping_status":"closed","template":"","meta":{"_themeisle_gutenberg_block_has_review":false,"footnotes":""},"class_list":["post-565","page","type-page","status-publish","hentry"],"rttpg_featured_image_url":null,"rttpg_author":{"display_name":false,"author_link":"https:\/\/decadm.uprrp.edu\/finanzas\/author\/juan\/"},"rttpg_comment":0,"rttpg_category":null,"rttpg_excerpt":"La Oficina Fiscal de Asistencia Econ\u00f3mica (OFAE), actualmente adscrita al Departamento de Finanzas, fue transferida del Decanato de Estudiantes en el 1977 por requisito del Gobierno Federal, con el fin [&hellip;]","_links":{"self":[{"href":"https:\/\/decadm.uprrp.edu\/finanzas\/wp-json\/wp\/v2\/pages\/565","targetHints":{"allow":["GET"]}}],"collection":[{"href":"https:\/\/decadm.uprrp.edu\/finanzas\/wp-json\/wp\/v2\/pages"}],"about":[{"href":"https:\/\/decadm.uprrp.edu\/finanzas\/wp-json\/wp\/v2\/types\/page"}],"author":[{"embeddable":true,"href":"https:\/\/decadm.uprrp.edu\/finanzas\/wp-json\/wp\/v2\/users\/3"}],"replies":[{"embeddable":true,"href":"https:\/\/decadm.uprrp.edu\/finanzas\/wp-json\/wp\/v2\/comments?post=565"}],"version-history":[{"count":10,"href":"https:\/\/decadm.uprrp.edu\/finanzas\/wp-json\/wp\/v2\/pages\/565\/revisions"}],"predecessor-version":[{"id":914,"href":"https:\/\/decadm.uprrp.edu\/finanzas\/wp-json\/wp\/v2\/pages\/565\/revisions\/914"}],"wp:attachment":[{"href":"https:\/\/decadm.uprrp.edu\/finanzas\/wp-json\/wp\/v2\/media?parent=565"}],"curies":[{"name":"wp","href":"https:\/\/api.w.org\/{rel}","templated":true}]}}