{"id":530,"date":"2024-05-23T16:09:35","date_gmt":"2024-05-23T20:09:35","guid":{"rendered":"https:\/\/decadmdev.uprrp.edu\/finanzas\/?page_id=530"},"modified":"2024-05-23T16:10:58","modified_gmt":"2024-05-23T20:10:58","slug":"oficina-de-preintervencion","status":"publish","type":"page","link":"https:\/\/decadm.uprrp.edu\/finanzas\/oficina-de-preintervencion\/","title":{"rendered":"Oficina de Preintervenci\u00f3n"},"content":{"rendered":"\t\t<div data-elementor-type=\"wp-page\" data-elementor-id=\"530\" class=\"elementor elementor-530\">\n\t\t\t\t<div class=\"elementor-element elementor-element-7190a2e e-flex e-con-boxed e-con e-parent\" data-id=\"7190a2e\" data-element_type=\"container\" data-e-type=\"container\">\n\t\t\t\t\t<div class=\"e-con-inner\">\n\t\t\t\t<div class=\"elementor-element elementor-element-97ae0fb elementor-widget elementor-widget-text-editor\" data-id=\"97ae0fb\" data-element_type=\"widget\" data-e-type=\"widget\" data-widget_type=\"text-editor.default\">\n\t\t\t\t<div class=\"elementor-widget-container\">\n\t\t\t\t\t\t\t\t\t<p>La funci\u00f3n de pre-intervenci\u00f3n tiene su origen en las facultades, responsabilidades y funciones fiscales asignadas y transferidas a los recintos por el Consejo de Educaci\u00f3n Superior, la Junta de S\u00edndicos y la Asamblea Legislativa para la administraci\u00f3n adecuada de los activos, fondos y operaciones de la Universidad de Puerto Rico.<\/p><p>El 18 de agosto de 1969 el Consejo de Educaci\u00f3n Superior emiti\u00f3 la Certificaci\u00f3n N\u00famero 16 mediante la cual asign\u00f3 las funciones de intervenci\u00f3n a priori a las unidades institucionales componentes del sistema universitario. Se otorg\u00f3 a los recintos la entera responsabilidad por la autorizaci\u00f3n de compromisos o desembolsos contra los fondos que le han sido asignados o que por medio de donaciones, legados o en cualquier otra forma que hayan sido aceptados y puestos a su disposici\u00f3n o bajo su custodia.<\/p><p>Posteriormente, el 15 de febrero de 2000, la Oficina de Finanzas de Administraci\u00f3n Central emiti\u00f3 la Circular N\u00fam. 00-13, Manual de Normas y Procedimientos para la Preintervenci\u00f3n de Desembolsos y Obligaciones de la Universidad de Puerto Rico, para establecer como gu\u00eda en el desempe\u00f1o de esta funci\u00f3n.<\/p><p>Sin embargo, por tratarse de una diversidad de conceptos y documentos fiscales los que se promueven mediante las operaciones de un sistema de educaci\u00f3n superior, la Oficina de Preintervenci\u00f3n es la unidad que tiene el deber de aplicar en su gesti\u00f3n evaluativa todas las leyes, reglamentos, procedimientos y normativas relacionadas a las finanzas p\u00fablicas.<\/p><p>Las funciones de la Oficina de Preintervenci\u00f3n incluyen verificar, validar y autorizar los documentos fiscales que conlleven desembolso de fondos y sus justificantes, con el prop\u00f3sito de garantizar que todas las transacciones est\u00e9n de acuerdo con la reglamentaci\u00f3n establecida.<\/p><p><strong>Misi\u00f3n<\/strong><\/p><p>Verificar, validar y autorizar los documentos fiscales que conllevan desembolso contra los fondos que le han sido asignados o que por medio de donaciones, legados o en cualquier otra forma que hayan sido aceptados y puestos a la disposici\u00f3n o bajo custodia del Recinto de R\u00edo Piedras.<\/p><p><strong>Visi\u00f3n<\/strong><\/p><p>Aplicar de forma pr\u00e1ctica y efectiva las normas promulgadas en la intervenci\u00f3n de las transacciones de obligaci\u00f3n y pago a fin de acelerar la verificaci\u00f3n y contabilizaci\u00f3n de los documentos.<\/p>\t\t\t\t\t\t\t\t<\/div>\n\t\t\t\t<\/div>\n\t\t\t\t\t<\/div>\n\t\t\t\t<\/div>\n\t\t\t\t<\/div>\n\t\t","protected":false},"excerpt":{"rendered":"<p>La funci\u00f3n de pre-intervenci\u00f3n tiene su origen en las facultades, responsabilidades y funciones fiscales asignadas y transferidas a los recintos por el Consejo de Educaci\u00f3n Superior, la Junta de S\u00edndicos [&hellip;]<\/p>\n","protected":false},"author":3,"featured_media":0,"parent":0,"menu_order":0,"comment_status":"closed","ping_status":"closed","template":"","meta":{"_themeisle_gutenberg_block_has_review":false,"footnotes":""},"class_list":["post-530","page","type-page","status-publish","hentry"],"rttpg_featured_image_url":null,"rttpg_author":{"display_name":false,"author_link":"https:\/\/decadm.uprrp.edu\/finanzas\/author\/juan\/"},"rttpg_comment":0,"rttpg_category":null,"rttpg_excerpt":"La funci\u00f3n de pre-intervenci\u00f3n tiene su origen en las facultades, responsabilidades y funciones fiscales asignadas y transferidas a los recintos por el Consejo de Educaci\u00f3n Superior, la Junta de S\u00edndicos [&hellip;]","_links":{"self":[{"href":"https:\/\/decadm.uprrp.edu\/finanzas\/wp-json\/wp\/v2\/pages\/530","targetHints":{"allow":["GET"]}}],"collection":[{"href":"https:\/\/decadm.uprrp.edu\/finanzas\/wp-json\/wp\/v2\/pages"}],"about":[{"href":"https:\/\/decadm.uprrp.edu\/finanzas\/wp-json\/wp\/v2\/types\/page"}],"author":[{"embeddable":true,"href":"https:\/\/decadm.uprrp.edu\/finanzas\/wp-json\/wp\/v2\/users\/3"}],"replies":[{"embeddable":true,"href":"https:\/\/decadm.uprrp.edu\/finanzas\/wp-json\/wp\/v2\/comments?post=530"}],"version-history":[{"count":4,"href":"https:\/\/decadm.uprrp.edu\/finanzas\/wp-json\/wp\/v2\/pages\/530\/revisions"}],"predecessor-version":[{"id":534,"href":"https:\/\/decadm.uprrp.edu\/finanzas\/wp-json\/wp\/v2\/pages\/530\/revisions\/534"}],"wp:attachment":[{"href":"https:\/\/decadm.uprrp.edu\/finanzas\/wp-json\/wp\/v2\/media?parent=530"}],"curies":[{"name":"wp","href":"https:\/\/api.w.org\/{rel}","templated":true}]}}