{"id":498,"date":"2024-05-23T14:44:15","date_gmt":"2024-05-23T18:44:15","guid":{"rendered":"https:\/\/decadmdev.uprrp.edu\/finanzas\/?page_id=498"},"modified":"2024-09-17T20:00:45","modified_gmt":"2024-09-18T00:00:45","slug":"reglamentos","status":"publish","type":"page","link":"https:\/\/decadm.uprrp.edu\/finanzas\/reglamentos\/","title":{"rendered":"Reglamentos"},"content":{"rendered":"\t\t<div data-elementor-type=\"wp-page\" data-elementor-id=\"498\" class=\"elementor elementor-498\">\n\t\t\t\t<div class=\"elementor-element elementor-element-7190a2e e-flex e-con-boxed e-con e-parent\" data-id=\"7190a2e\" data-element_type=\"container\" data-e-type=\"container\">\n\t\t\t\t\t<div class=\"e-con-inner\">\n\t\t\t\t<div class=\"elementor-element elementor-element-97ae0fb elementor-widget elementor-widget-text-editor\" data-id=\"97ae0fb\" data-element_type=\"widget\" data-e-type=\"widget\" data-widget_type=\"text-editor.default\">\n\t\t\t\t<div class=\"elementor-widget-container\">\n\t\t\t\t\t\t\t\t\t<ul><li><a href=\"https:\/\/decadm.uprrp.edu\/finanzas\/wp-content\/uploads\/sites\/6\/2024\/05\/devolucion_mercancia.pdf\">Procedimiento para la devoluci\u00f3n de mercanc\u00eda (OAI-2006-08)<\/a><\/li><li><a href=\"https:\/\/decadm.uprrp.edu\/finanzas\/wp-content\/uploads\/sites\/6\/2024\/05\/Certificacion_30-2008-20092.pdf\">Reglamento sobre adquisici\u00f3n de equipos, materiales y servicios no personales de la Universidad de Puerto Rico. Certificaci\u00f3n N\u00famero 30 (2008-2009)<\/a><\/li><li><a href=\"https:\/\/decadm.uprrp.edu\/finanzas\/wp-content\/uploads\/sites\/6\/2024\/05\/ProcRegistroLicitadores.pdf\">Procedimiento sobre la aceptaci\u00f3n y eliminaci\u00f3n de suplidores al registro de licitadores<\/a><\/li><li><a href=\"https:\/\/decadm.uprrp.edu\/finanzas\/wp-content\/uploads\/sites\/6\/2024\/05\/CERTIFICACION-_62-REGLAMENTO-PARA-EL-CONTROL-DE-LA-PROPIEDAD-MUEBLE-DE-LA-UNIVERSIDAD-DE-PUERTO-RICO.pdf\">Reglamento para el control de la propiedad mueble de la Universidad de Puerto Rico (Certificaci\u00f3n 062, 1994-95 Junta de S\u00edndicos)<\/a><\/li><li><a href=\"https:\/\/decadm.uprrp.edu\/finanzas\/wp-content\/uploads\/sites\/6\/2024\/05\/Cert-20-1999-2000-Enmienda-al-Reglamento-de-Propiedad.pdf\">Reglamento para el control de la propiedad mueble de la Universidad de Puerto Rico, enmendado por Certficaci\u00f3n 020, 1999-2000 Junta de S\u00edndicos)<\/a><\/li><\/ul>\t\t\t\t\t\t\t\t<\/div>\n\t\t\t\t<\/div>\n\t\t\t\t\t<\/div>\n\t\t\t\t<\/div>\n\t\t\t\t<\/div>\n\t\t","protected":false},"excerpt":{"rendered":"<p>Procedimiento para la devoluci\u00f3n de mercanc\u00eda (OAI-2006-08) Reglamento sobre adquisici\u00f3n de equipos, materiales y servicios no personales de la Universidad de Puerto Rico. Certificaci\u00f3n N\u00famero 30 (2008-2009) Procedimiento sobre la [&hellip;]<\/p>\n","protected":false},"author":3,"featured_media":0,"parent":0,"menu_order":0,"comment_status":"closed","ping_status":"closed","template":"","meta":{"_themeisle_gutenberg_block_has_review":false,"footnotes":""},"class_list":["post-498","page","type-page","status-publish","hentry"],"rttpg_featured_image_url":null,"rttpg_author":{"display_name":false,"author_link":"https:\/\/decadm.uprrp.edu\/finanzas\/author\/juan\/"},"rttpg_comment":0,"rttpg_category":null,"rttpg_excerpt":"Procedimiento para la devoluci\u00f3n de mercanc\u00eda (OAI-2006-08) Reglamento sobre adquisici\u00f3n de equipos, materiales y servicios no personales de la Universidad de Puerto Rico. Certificaci\u00f3n N\u00famero 30 (2008-2009) Procedimiento sobre la [&hellip;]","_links":{"self":[{"href":"https:\/\/decadm.uprrp.edu\/finanzas\/wp-json\/wp\/v2\/pages\/498","targetHints":{"allow":["GET"]}}],"collection":[{"href":"https:\/\/decadm.uprrp.edu\/finanzas\/wp-json\/wp\/v2\/pages"}],"about":[{"href":"https:\/\/decadm.uprrp.edu\/finanzas\/wp-json\/wp\/v2\/types\/page"}],"author":[{"embeddable":true,"href":"https:\/\/decadm.uprrp.edu\/finanzas\/wp-json\/wp\/v2\/users\/3"}],"replies":[{"embeddable":true,"href":"https:\/\/decadm.uprrp.edu\/finanzas\/wp-json\/wp\/v2\/comments?post=498"}],"version-history":[{"count":16,"href":"https:\/\/decadm.uprrp.edu\/finanzas\/wp-json\/wp\/v2\/pages\/498\/revisions"}],"predecessor-version":[{"id":1024,"href":"https:\/\/decadm.uprrp.edu\/finanzas\/wp-json\/wp\/v2\/pages\/498\/revisions\/1024"}],"wp:attachment":[{"href":"https:\/\/decadm.uprrp.edu\/finanzas\/wp-json\/wp\/v2\/media?parent=498"}],"curies":[{"name":"wp","href":"https:\/\/api.w.org\/{rel}","templated":true}]}}