{"id":1749,"date":"2024-01-31T10:06:17","date_gmt":"2024-01-31T14:06:17","guid":{"rendered":"https:\/\/decadmdev.uprrp.edu\/etica\/?page_id=1749"},"modified":"2024-06-03T14:20:17","modified_gmt":"2024-06-03T18:20:17","slug":"circulares","status":"publish","type":"page","link":"https:\/\/decadm.uprrp.edu\/etica\/circulares\/","title":{"rendered":"Circulares"},"content":{"rendered":"\t\t<div data-elementor-type=\"wp-page\" data-elementor-id=\"1749\" class=\"elementor elementor-1749\">\n\t\t\t\t<div class=\"elementor-element elementor-element-8f4e96d e-con-full e-flex e-con e-parent\" data-id=\"8f4e96d\" data-element_type=\"container\" data-e-type=\"container\">\n\t\t\t\t<div class=\"elementor-element elementor-element-1eabac0 elementor-widget elementor-widget-image\" data-id=\"1eabac0\" data-element_type=\"widget\" data-e-type=\"widget\" data-widget_type=\"image.default\">\n\t\t\t\t<div class=\"elementor-widget-container\">\n\t\t\t\t\t\t\t\t\t\t\t\t\t\t\t<img fetchpriority=\"high\" decoding=\"async\" width=\"801\" height=\"226\" src=\"https:\/\/decadm.uprrp.edu\/etica\/wp-content\/uploads\/sites\/3\/2024\/01\/cropped-cropped-Torre_UPRRP_Aerea-1.png\" class=\"attachment-full size-full wp-image-16\" alt=\"Imagen a\u00e9rea Torre UPRRP\" srcset=\"https:\/\/decadm.uprrp.edu\/etica\/wp-content\/uploads\/sites\/3\/2024\/01\/cropped-cropped-Torre_UPRRP_Aerea-1.png 801w, https:\/\/decadm.uprrp.edu\/etica\/wp-content\/uploads\/sites\/3\/2024\/01\/cropped-cropped-Torre_UPRRP_Aerea-1-300x85.png 300w, https:\/\/decadm.uprrp.edu\/etica\/wp-content\/uploads\/sites\/3\/2024\/01\/cropped-cropped-Torre_UPRRP_Aerea-1-768x217.png 768w\" sizes=\"(max-width: 801px) 100vw, 801px\" \/>\t\t\t\t\t\t\t\t\t\t\t\t\t\t\t<\/div>\n\t\t\t\t<\/div>\n\t\t\t\t<\/div>\n\t\t<div class=\"elementor-element elementor-element-c988921 e-flex e-con-boxed e-con e-parent\" data-id=\"c988921\" data-element_type=\"container\" data-e-type=\"container\">\n\t\t\t\t\t<div class=\"e-con-inner\">\n\t\t\t\t<div class=\"elementor-element elementor-element-fe4e145 elementor-widget elementor-widget-spacer\" data-id=\"fe4e145\" data-element_type=\"widget\" data-e-type=\"widget\" data-widget_type=\"spacer.default\">\n\t\t\t\t<div class=\"elementor-widget-container\">\n\t\t\t\t\t\t\t<div class=\"elementor-spacer\">\n\t\t\t<div class=\"elementor-spacer-inner\"><\/div>\n\t\t<\/div>\n\t\t\t\t\t\t<\/div>\n\t\t\t\t<\/div>\n\t\t\t\t\t<\/div>\n\t\t\t\t<\/div>\n\t\t<div class=\"elementor-element elementor-element-bf30370 e-flex e-con-boxed e-con e-parent\" data-id=\"bf30370\" data-element_type=\"container\" data-e-type=\"container\">\n\t\t\t\t\t<div class=\"e-con-inner\">\n\t\t<div class=\"elementor-element elementor-element-29a1b88 e-con-full e-flex e-con e-child\" data-id=\"29a1b88\" data-element_type=\"container\" data-e-type=\"container\">\n\t\t\t\t<div class=\"elementor-element elementor-element-519f991 elementor-widget__width-initial elementor-widget elementor-widget-heading\" data-id=\"519f991\" data-element_type=\"widget\" data-e-type=\"widget\" data-widget_type=\"heading.default\">\n\t\t\t\t<div class=\"elementor-widget-container\">\n\t\t\t\t\t<h2 class=\"elementor-heading-title elementor-size-default\">Circulares del Comit\u00e9 y OEG<\/h2>\t\t\t\t<\/div>\n\t\t\t\t<\/div>\n\t\t\t\t<\/div>\n\t\t<div class=\"elementor-element elementor-element-e04646e e-con-full e-flex e-con e-child\" data-id=\"e04646e\" data-element_type=\"container\" data-e-type=\"container\">\n\t\t\t\t<div class=\"elementor-element elementor-element-8274125 elementor-widget__width-initial elementor-widget elementor-widget-text-editor\" data-id=\"8274125\" data-element_type=\"widget\" data-e-type=\"widget\" data-widget_type=\"text-editor.default\">\n\t\t\t\t<div class=\"elementor-widget-container\">\n\t\t\t\t\t\t\t\t\t<ul><li><a href=\"http:\/\/decadmdev.uprrp.edu\/etica\/wp-content\/uploads\/sites\/3\/2024\/06\/Circular-Miembros-Etica.pdf\" target=\"_blank\" rel=\"noopener\">Circular Miembros Comit\u00e9 de \u00c9tica 2024<\/a><\/li><li>Circulares del per\u00edodo bienal 2022-2024<ul><li>N\u00fam. 2022-01<\/li><li>N\u00fam. 2023-01<\/li><li>N\u00fam. 2023-02<\/li><li>N\u00fam. 2024-01<\/li><li>N\u00fam. 2024-02<\/li><\/ul><\/li><\/ul>\t\t\t\t\t\t\t\t<\/div>\n\t\t\t\t<\/div>\n\t\t\t\t<\/div>\n\t\t\t\t\t<\/div>\n\t\t\t\t<\/div>\n\t\t\t\t<\/div>\n\t\t","protected":false},"excerpt":{"rendered":"<p>Circulares del Comit\u00e9 y OEG Circular Miembros Comit\u00e9 de \u00c9tica 2024 Circulares del per\u00edodo bienal 2022-2024 N\u00fam. 2022-01 N\u00fam. 2023-01 N\u00fam. 2023-02 N\u00fam. 2024-01 N\u00fam. 2024-02<\/p>\n","protected":false},"author":3,"featured_media":0,"parent":0,"menu_order":0,"comment_status":"closed","ping_status":"closed","template":"page-templates\/pagebuilder.php","meta":{"_themeisle_gutenberg_block_has_review":false,"footnotes":""},"class_list":["post-1749","page","type-page","status-publish","hentry"],"rttpg_featured_image_url":null,"rttpg_author":{"display_name":false,"author_link":"https:\/\/decadm.uprrp.edu\/etica\/author\/juan\/"},"rttpg_comment":0,"rttpg_category":null,"rttpg_excerpt":"Circulares del Comit\u00e9 y OEG Circular Miembros Comit\u00e9 de \u00c9tica 2024 Circulares del per\u00edodo bienal 2022-2024 N\u00fam. 2022-01 N\u00fam. 2023-01 N\u00fam. 2023-02 N\u00fam. 2024-01 N\u00fam. 2024-02","_links":{"self":[{"href":"https:\/\/decadm.uprrp.edu\/etica\/wp-json\/wp\/v2\/pages\/1749","targetHints":{"allow":["GET"]}}],"collection":[{"href":"https:\/\/decadm.uprrp.edu\/etica\/wp-json\/wp\/v2\/pages"}],"about":[{"href":"https:\/\/decadm.uprrp.edu\/etica\/wp-json\/wp\/v2\/types\/page"}],"author":[{"embeddable":true,"href":"https:\/\/decadm.uprrp.edu\/etica\/wp-json\/wp\/v2\/users\/3"}],"replies":[{"embeddable":true,"href":"https:\/\/decadm.uprrp.edu\/etica\/wp-json\/wp\/v2\/comments?post=1749"}],"version-history":[{"count":52,"href":"https:\/\/decadm.uprrp.edu\/etica\/wp-json\/wp\/v2\/pages\/1749\/revisions"}],"predecessor-version":[{"id":2089,"href":"https:\/\/decadm.uprrp.edu\/etica\/wp-json\/wp\/v2\/pages\/1749\/revisions\/2089"}],"wp:attachment":[{"href":"https:\/\/decadm.uprrp.edu\/etica\/wp-json\/wp\/v2\/media?parent=1749"}],"curies":[{"name":"wp","href":"https:\/\/api.w.org\/{rel}","templated":true}]}}